en 6990 is divided by 868?
46
What is the remainder when 61212 is divided by 6106?
152
Calculate the remainder when 7191 is divided by 2318.
237
What is the remainder when 1702383 is divided by 7188?
6015
What is the remainder when 33928 is divided by 2114?
104
Calculate the remainder when 17759003 is divided by 612379.
12
Calculate the remainder when 3922460 is divided by 91.
87
Calculate the remainder when 2131124 is divided by 355023.
986
Calculate the remainder when 3844253 is divided by 394.
389
What is the remainder when 3074184 is divided by 768535?
44
Calculate the remainder when 160425 is divided by 367.
46
Calculate the remainder when 8215899 is divided by 2546.
2503
Calculate the remainder when 22593129 is divided by 941380.
9
What is the remainder when 4467978 is divided by 76?
14
Calculate the remainder when 1949788 is divided by 12107.
561
What is the remainder when 1955708 is divided by 81477?
260
Calculate the remainder when 7343155 is divided by 5653.
5561
Calculate the remainder when 315358904 is divided by 1054.
1050
What is the remainder when 4952692 is divided by 61144?
28
Calculate the remainder when 12908026 is divided by 1673.
831
Calculate the remainder when 102016144 is divided by 54.
46
Calculate the remainder when 1128253 is divided by 4925.
428
What is the remainder when 31898 is divided by 9671?
2885
What is the remainder when 4182557 is divided by 348534?
149
What is the remainder when 11467750 is divided by 15?
10
Calculate the remainder when 1042357 is divided by 2266.
2263
Calculate the remainder when 71190 is divided by 11815.
300
What is the remainder when 1278876 is divided by 213142?
24
Calculate the remainder when 104884598 is divided by 1510.
1508
Calculate the remainder when 455484 is divided by 1732.
1700
What is the remainder when 282248 is divided by 31351?
89
Calculate the remainder when 1522681 is divided by 759943.
2795
What is the remainder when 10148937 is divided by 2908?
17
Calculate the remainder when 2329647 is divided by 1326.
1191
Calculate the remainder when 703158 is divided by 352.
214
Calculate the remainder when 876616 is divided by 2942.
2842
Calculate the remainder when 64907 is divided by 917.
717
What is the remainder when 92006 is divided by 991?
834
What is the remainder when 657046 is divided by 131384?
126
Calculate the remainder when 2332110 is divided by 70.
60
Calculate the remainder when 462230 is divided by 3236.
2718
What is the remainder when 47916 is divided by 794?
276
What is the remainder when 165689 is divided by 41419?
13
Calculate the remainder when 811137 is divided by 26.
15
What is the remainder when 13331641 is divided by 5661?
5647
Calculate the remainder when 5284 is divided by 5164.
120
What is the remainder when 2316213 is divided by 24?
21
Calculate the remainder when 53346 is divided by 52821.
525
Calculate the remainder when 475437596 is divided by 35.
11
Calculate the remainder when 617999 is divided by 3400.
2599
Calculate the remainder when 10614950 is divided by 5578.
16
Calculate the remainder when 72011 is divided by 14398.
21
Calculate the remainder when 21239592 is divided by 923460.
12
Calculate the remainder when 12661866 is divided by 1924.
22
What is the remainder when 28211 is divided by 27802?
409
Calculate the remainder when 15078 is divided by 2314.
1194
Calculate the remainder when 2143406 is divided by 3228.
14
Calculate the remainder when 115610717 is divided by 62.
61
Calculate the remainder when 120969 is divided by 39834.
1467
Calculate the remainder when 105807 is divided by 13216.
79
What is the remainder when 5042788 is divided by 2521393?
2
Calculate the remainder when 194599 is divided by 48499.
603
Calculate the remainder when 307223 is divided by 102330.
233
Calculate the remainder when 889473 is divided by 370.
363
Calculate the remainder when 148991 is divided by 1071.
122
Calculate the remainder when 642873 is divided by 13968.
345
Calculate the remainder when 27159226 is divided by 21.
10
What is the remainder when 19820380 is divided by 1165904?
12
Calculate the remainder when 7339548 is divided by 7.
6
What is the remainder when 728020 is divided by 222?
82
What is the remainder when 1058786 is divided by 915?
131
Calculate the remainder when 229083 is divided by 114537.
9
What is the remainder when 2267156 is divided by 705?
581
Calculate the remainder when 19325856 is divided by 1745.
1726
What is the remainder when 204764 is divided by 4386?
3008
What is the remainder when 106282 is divided by 4404?
586
Calculate the remainder when 213642745 is divided by 4.
1
Calculate the remainder when 456177 is divided by 64.
49
Calculate the remainder when 13397913 is divided by 20.
13
What is the remainder when 34224224 is divided by 274?
254
What is the remainder when 37744811 is divided by 4278?
17
Calculate the remainder when 744274 is divided by 33828.
58
What is the remainder when 7242459 is divided by 862?
797
What is the remainder when 3574846 is divided by 1376?
1374
Calculate the remainder when 415857980 is divided by 61.
57
What is the remainder when 641318 is divided by 213766?
20
Calculate the remainder when 749744421 is divided by 132.
129
What is the remainder when 17797550 is divided by 11075?
25
Calculate the remainder when 152840 is divided by 1329.
5
What is the remainder when 64077 is divided by 236?
121
Calculate the remainder when 203114 is divided by 50775.
14
What is the remainder when 29474379 is divided by 1733787?
0
Calculate the remainder when 4777030 is divided by 7.
6
Calculate the remainder when 55882 is divided by 55856.
26
What is the remainder when 30606794 is divided by 119?
113
Calculate the remainder when 48588 is divided by 199.
32
What is the remainder when 245977 is divided by 393?
352
Calculate the remainder when 61608 is divided by 61450.
158
What is the remainder when 6070715 is divided by 1214124?
95
What is the remainder when 2527435 is divided by 40?
35
What is the remainder when 90263568 is divided by 440310?
18
Calculate the remainder when 1674461 is divided by 1674454.
7
Calculate the remainder when 284256 is divided by 7682.
22
What is the remainder when 1254580 is divided by 418185?
25
Calculate the remainder when 272205 is divided by 90694.
123
Calculate the remainder when 124550952 is divided by 2887.
2885
What is the remainder when 22563246 is divided by 1811?
1808
Calculate the remainder when 79920182 is divided by 81.
74
What is the remainder when 22554885 is divided by 1174?
1171
What is the remainder when 84141 is divided by 844?
585
Calculate the remainder when 821195 is divided by 4213.
3873
Calculate the remainder when 1035926 is divided by 7089.
932
What is the remainder when 17113150 is divided by 8556551?
48
What is the remainder when 11540 is divided by 745?
365
Calculate the remainder when 5572965 is divided by 2000.
965
Calculate the remainder when 745818 is divided by 745803.
15
Calculate the remainder when 7710 is divided by 5922.
1788
Calculate the remainder when 793030 is divided by 4335.
4060
What is the remainder when 6633966 is divided by 31?
28
Calculate the remainder when 292342 is divided by 604.
6
What is the remainder when 184098 is divided by 371?
82
Calculate the remainder when 42157 is divided by 19939.
2279
What is the remainder when 236630 is divided by 25231?
9551
Calculate the remainder when 3959752 is divided by 1319785.
397
What is the remainder when 326904 is divided by 595?
249
What is the remainder when 7147802 is divided by 17?
16
Calculate the remainder when 766706 is divided by 29445.
1136
What is the remainder when 68305953 is divided by 10745?
10733
What is the remainder when 372975 is divided by 67?
53
What is the remainder when 1924881 is divided by 484?
13
What is the remainder when 19212333 is divided by 4331?
17
Calculate the remainder when 9340269 is divided by 373610.
19
Calculate the remainder when 3323931 is divided by 921.
42
Calculate the remainder when 300901 is divided by 150055.
791
What is the remainder when 10553903 is divided by 4313?
4305
Calculate the remainder when 13700420 is divided by 4566799.
23
Calculate the remainder when 3522897 is divided by 27099.
27
What is the remainder when 2641786 is divided by 